{"id":27,"date":"2023-03-07T09:48:07","date_gmt":"2023-03-07T09:48:07","guid":{"rendered":"https:\/\/wp.taxi-company.net\/?page_id=27"},"modified":"2023-03-12T15:19:22","modified_gmt":"2023-03-12T15:19:22","slug":"datenschutzerklaerung","status":"publish","type":"page","link":"https:\/\/www.taxi-company.net\/index.php\/datenschutzerklaerung\/","title":{"rendered":"Datenschutzerkl\u00e4rung"},"content":{"rendered":"\t\t<div data-elementor-type=\"wp-page\" data-elementor-id=\"27\" class=\"elementor elementor-27\" data-elementor-post-type=\"page\">\n\t\t\t\t\t\t<section class=\"elementor-section elementor-top-section elementor-element elementor-element-5b2d5fa elementor-section-height-min-height elementor-section-boxed elementor-section-height-default elementor-section-items-middle\" data-id=\"5b2d5fa\" data-element_type=\"section\" data-e-type=\"section\" data-settings=\"{&quot;background_background&quot;:&quot;classic&quot;}\">\n\t\t\t\t\t\t<div class=\"elementor-container elementor-column-gap-default\">\n\t\t\t\t\t<div class=\"elementor-column elementor-col-100 elementor-top-column elementor-element elementor-element-84e4545\" data-id=\"84e4545\" data-element_type=\"column\" data-e-type=\"column\">\n\t\t\t<div class=\"elementor-widget-wrap elementor-element-populated\">\n\t\t\t\t\t\t<div class=\"elementor-element elementor-element-63866ee elementor-widget elementor-widget-heading\" data-id=\"63866ee\" data-element_type=\"widget\" data-e-type=\"widget\" data-widget_type=\"heading.default\">\n\t\t\t\t<div class=\"elementor-widget-container\">\n\t\t\t\t\t<h2 class=\"elementor-heading-title elementor-size-default\">Datenschutzerkl\u00e4rung<\/h2>\t\t\t\t<\/div>\n\t\t\t\t<\/div>\n\t\t\t\t\t<\/div>\n\t\t<\/div>\n\t\t\t\t\t<\/div>\n\t\t<\/section>\n\t\t\t\t<section class=\"elementor-section elementor-top-section elementor-element elementor-element-eb056d0 elementor-section-boxed elementor-section-height-default elementor-section-height-default\" data-id=\"eb056d0\" data-element_type=\"section\" data-e-type=\"section\">\n\t\t\t\t\t\t<div class=\"elementor-container elementor-column-gap-default\">\n\t\t\t\t\t<div class=\"elementor-column elementor-col-50 elementor-top-column elementor-element elementor-element-3627098\" data-id=\"3627098\" data-element_type=\"column\" data-e-type=\"column\">\n\t\t\t<div class=\"elementor-widget-wrap elementor-element-populated\">\n\t\t\t\t\t\t<div class=\"elementor-element elementor-element-9df4b4f elementor-widget elementor-widget-text-editor\" data-id=\"9df4b4f\" data-element_type=\"widget\" data-e-type=\"widget\" data-widget_type=\"text-editor.default\">\n\t\t\t\t<div class=\"elementor-widget-container\">\n\t\t\t\t\t\t\t\t\t<p>Stand M\u00e4rz 2022<\/p><p><strong>Einleitung<\/strong><\/p><p>Uns ist der Schutz Ihrer Daten sehr wichtig. Wir achten deshalb streng auf die Einhaltung der geltenden datenschutzrechtlichen Vorschriften, nach Europ\u00e4ischer Datenschutz Grundverordnung (DSGVO) und Bundesdatenschutzgesetz (BDSG neu).<\/p><p><strong>Name und Anschrift des Verantwortlichen im Sinne Art.4 DSGVO<\/strong><\/p><p>Taxi Company Dietmar Spitz<\/p><p>Birkenstrasse 18<\/p><p>83707 Bad Wiessee<\/p><p>Inhaber: Dietmar Spitz<\/p><p>Tel. +49 (0) 8022 99445<\/p><p>Fax. +49 (0) 8022 99448<\/p><p>e-mail: info(at)tax-company.net<\/p><p><strong>Erhebung, Verarbeitung und Nutzung personenbezogener Daten<\/strong><\/p><p>Die von uns bei Gesch\u00e4ftspartnern, Kunden, Lieferanten und Interessenten erhobenen personenbezogenen Daten, insbesondere Name, Anschrift, Telefonnummer, Email-Adressen, Kontaktdaten von Ansprechpartnern, Kundennummern, Bestell- und Lieferdaten erfassen, speichern, verarbeiten und nutzen wir zur Abwicklung von Vertrags- und Lieferverh\u00e4ltnissen (Artikel 6 Abs. 1b DSGVO), einschliesslich Lieferung, Zahlung und etwaiger Gew\u00e4hrleistung und um die Einhaltung von Gesetzen und Verordnungen sicherzustellen, insbesondere die Aufbewahrungspflicht gem\u00e4\u00df \u00a7257 HGB und um rechtliche Anspr\u00fcche durchzusetzen (Art.6 Abs.1f DSGVO).<\/p><p>Ferner erfassen, speichern, verarbeiten und nutzen wir diese Daten zum Zwecke der Pflege der Kunden- und Gesch\u00e4ftsbeziehungen, des Marketings und der Werbung f\u00fcr unsere eigenen Produkte und Leistungen (Artikel 6 Abs. 1f DSGVO).<\/p><p>Soweit zum Betrieb unserer Webseite oder zur Leistungserbringung externe Dienstleister eingesetzt werden (Hosting-Provider, Versanddienstleister; die Zahlung abwickelnde Banken, Steuerberater), erhalten die Unternehmen nur in dem Umfang Zugang zu Ihren Daten, wie dies zur Erf\u00fcllung Ihrer jeweiligen Aufgaben und Funktionen jeweils erforderlich ist bzw. gesetzlich vorgeschrieben ist (z.B. Finanzamt).<\/p><p>Eine Daten\u00fcbermittlung in ein Drittland ausserhalb der Europ\u00e4ischen Union welches auch nicht Vertragsstaat des Abkommens \u00fcber den Europ\u00e4ischen Wirtschaftsraum ist, erfolgt nur, wenn diese \u00dcbermittlung f\u00fcr die Erf\u00fcllung eines zwischen Ihnen und uns bestehenden Vertrages erforderlich ist (beispielweise Lieferung in ein Drittland).<\/p><p>Die Verarbeitung Ihrer Daten erfolgt f\u00fcr die Dauer der Anbahnung und der Abwicklung eines Vertrags- oder Lieferverh\u00e4ltnisses und f\u00fcr die Dauer des Fortbestehens von Verpflichtungen aus einem Vertrags- oder Lieferverh\u00e4ltnis, beispielsweise Gew\u00e4hrleistungsverpflichtungen, sowie f\u00fcr die Dauer von gesetzlichen bzw. steuerrechtlichen gesetzlichen Aufbewahrungsfristen. (Artikel 6 Abs. 1c DSGVO)<\/p><p><strong>Verschl\u00fcsselung<\/strong><\/p><p>Um die Sicherheit Ihrer Daten bei der \u00dcbertragung zu sch\u00fctzen, verwenden wir dem aktuellen Stand der Technik entsprechende Verschl\u00fcsselungsverfahren wie SSL \u00fcber HTTPS.<\/p><p><strong>Kontaktaufnahme<\/strong><\/p><p>Unsere Webseite erm\u00f6glicht Ihnen eine Kontaktaufnahme mit uns durch Kontaktformular oder per e-mail. Die daf\u00fcr von Ihnen erhobenen Daten werden zum Zwecke der Bearbeitung der jeweiligen Anfrage sowie f\u00fcr eventuelle Anschlussfragen verarbeitet (Art.6 Abs.1b DSGVO). Eine Weitergabe an Dritte findet nicht statt.<\/p><p><strong>Server-Logfiles<\/strong><\/p><p>Aus technischen und Sicherheitsgr\u00fcnden speichern wir , bzw. unser Webspaceprovider, auf Grundlage unserer berechtigten Interessen (Art.6 Abs 1f DSGVO) folgende Zugriffsdaten: Name der abgerufenen Webseite, Datei, Datum und Uhrzeit des Abrufs, \u00fcbertragene Datenmenge, Meldung \u00fcber erfolgreichen Abruf, Browsertyp nebst Version, das Betriebssystem des Nutzers, Referrer URL, IP-Adresse und der anfragende Provider.<\/p><p>Wir verwenden die Protokolldaten nur f\u00fcr statistische Auswertungen zum Zwecke des Betriebs, der Sicherheit und der Optimierung unseres Angebotes. Wir behalten uns jedoch vor, die Protokolldaten nachtr\u00e4glich zu pr\u00fcfen, wenn aufgrund konkreter Anhaltspunkte der berechtigte Verdacht einer rechtswidrigen Nutzung besteht.<\/p><p><strong>Cookies<\/strong><\/p><p>Auf unserer Webseite verwenden wir Cookies. Das sind kleine Dateien, die es erm\u00f6glichen auf dem Zugriffsger\u00e4t der Nutzer (PC, Smartphone o.\u00e4.) spezifische, auf das Ger\u00e4t bezogene Informationen zu speichern. Sie dienen zum einen der Benutzerfreundlichkeit von Webseiten und damit den Nutzern (z.B. Speicherung von Login Daten). Zum anderen dienen sie um statistische Daten der Webseitennutzung zu erfassen und sie zwecks Verbesserung des Angebotes analysieren zu k\u00f6nnen (Artikel 6 Absatz 1f DSGVO). Sie k\u00f6nnen unsere Webseite auch ohne Cookies nutzen, indem Sie die Verwendung von Cookies in Ihrem Browser deaktivieren. Der Komfort und der Funktionsumfang unseres Angebotes k\u00f6nnen jedoch durch die Deaktivierung der Cookies eingeschr\u00e4nkt werden. Um zu erfahren, wie Sie Cookies in Ihrem Browser deaktivieren, verwenden Sie dessen Hilfefunktion.<\/p><p><strong>Google Maps<\/strong><\/p><p>Auf unsere Webseite verwenden wir Google Maps zur Darstellung von Karten und zur Erstellung von Anfahrtspl\u00e4nen. Google Maps wird von Google Inc., 1600 Amphitheatre Parkway, Mountain View, CA 94043, USA betrieben.<\/p><p>Durch die Nutzung dieser Webseite erkl\u00e4rt sich der Nutzer mit der Erfassung, Bearbeitung sowie der Nutzung der automatisch erhobenen sowie der von Ihm eingegebenen Daten durch Google, einer seiner Vertreter, oder Drittanbieter einverstanden. Die von Google ver\u00f6ffentlichten Datenschutzbestimmungen sind einsehbar unter \u00a0<a href=\"https:\/\/policies.google.com\/privacy?hl=de\" target=\"_blank\" rel=\"noopener\">https:\/\/policies.google.com\/privacy?hl=de<\/a><\/p><p><strong>Google Analytics \/ Wird derzeit nicht benutzt<br \/><\/strong><\/p><p>Unsere Webseite nutzt Funktionen des Webanalysedienstes Google Analytics, einem Webanalysedienst der Google Inc., 1600 Amphitheatre Parkway, Mountain View, CA 94043, USA. Google Analytics verwendet sogenannte Cookies. Das sind kleine Dateien, die auf dem Computer des Nutzers gespeichert werden und die eine Analyse der Benutzung der Webseite erm\u00f6glichen. Die durch Cookies erzeugten Informationen \u00fcber die Benutzung der Webseite werden in der Regel an einen Server von Google in den USA \u00fcbertragen und dort gespeichert. Google kann damit in unserem Auftrag die Nutzung unseres Internetauftrittes auswerten, um f\u00fcr uns Berichte \u00fcber Websiteaktivit\u00e4ten erstellen zu k\u00f6nnen. Die im Rahmen von Google Analytics vom Browser \u00fcbermittelte IP-Adresse wird nicht mit anderen Daten von Google zusammengef\u00fchrt.<\/p><p>Sie k\u00f6nnen unsere Webseite auch ohne Cookies nutzen, indem Sie die Verwendung von Cookies in Ihrem Browser deaktivieren. Der Komfort und der Funktionsumfang unseres Angebotes k\u00f6nnen jedoch durch die Deaktivierung der Cookies eingeschr\u00e4nkt werden. Um zu erfahren, wie Sie Cookies in Ihrem Browser deaktivieren, verwenden Sie dessen Hilfefunktion.<\/p><p>Sie k\u00f6nnen dar\u00fcber hinaus die Erfassung der durch das Cookie erzeugten und auf Ihre Nutzung der Webseite bezogenen Daten sowie die Verarbeitung dieser Daten durch Google verhindern, indem Sie das unter folgendem Link verf\u00fcgbare Browser-Add-on herunterladen und installieren:\u00a0<a href=\"http:\/\/tools.google.com\/dipage\/gaoptout?hl=de\" target=\"_blank\" rel=\"noopener\">http:\/\/tools.google.com\/dipage\/gaoptout?hl=de<\/a><\/p><p><strong>Dauer der Speicherung Ihrer personenbezogenen Daten<\/strong><\/p><p>Die Verarbeitung Ihrer Daten erfolgt f\u00fcr die Dauer der Anbahnung und der Abwicklung eines Vertrags- oder Lieferverh\u00e4ltnisses und f\u00fcr die Dauer des Fortbestehens von Verpflichtungen aus einem Vertrags- oder Lieferverh\u00e4ltnis, beispielsweise etwaige Gew\u00e4hrleistungs- oder Produkthaftungsverpflichtungen.<\/p><p>Die Verarbeitung Ihrer Daten erfolgt zudem f\u00fcr die Dauer von handelsrechtlichen bzw. steuerrechtlichen gesetzlichen Aufbewahrungsfristen (Artikel 6 Abs. 1c DSGVO).<\/p><p><strong>Ihre Rechte hinsichtlich Auskunft, Berichtigung, Sperre, Widerspruch, L\u00f6schung<\/strong><\/p><p>Sie haben uns gegen\u00fcber ein Recht auf Auskunft dar\u00fcber, ob wir Sie betreffende personenbezogene Daten verarbeiten und gegebenenfalls ein Recht auf Auskunft \u00fcber diese Daten bez\u00fcglich Verarbeitungszweck, Datenkategorien, Empf\u00e4nger denen Ihre Daten offengelegt wurden oder noch werden, geplante Dauer der Speicherung dieser Daten (Artikel 15 DSGVO)<\/p><p>Sie haben uns gegen\u00fcber ein Recht auf Berichtigung der Sie betreffenden unrichtigen oder unvollst\u00e4ndigen personenbezogenen Daten (Artikel 16 DSGVO), ein Recht auf L\u00f6schung dieser Daten (Artikel 17 DSGVO) bzw. ein Recht auf Einschr\u00e4nkung der Verarbeitung der Sie betreffenden personenbezogenen Daten (Artikel 18 DSGVO).<\/p><p>Soweit wir personenbezogene Daten von Ihnen verarbeiten, sind Sie berechtigt eine Kopie dieser Daten, schriftlich oder elektronisch anzufordern. Wir werden Ihnen die erste Kopie mit Ihren personenbezogenen Daten, in angemessenem Umfang, kostenlos zusenden.<\/p><p>Gegen die Verarbeitung Ihrer personenbezogenen Daten zur Wahrung von berechtigten Interessen von uns oder einem Dritten (Artikel 6 Abs. 1 f DSGVO) haben Sie ein Widerspruchsrecht (Artikel 21 DSGVO). Auf Ihren Widerspruch werden wir die entsprechende Datenverarbeitung einstellen, es sei denn, wir k\u00f6nnen zwingende schutzw\u00fcrdige Gr\u00fcnde f\u00fcr die Verarbeitung benennen, wie z.B. offene Zahlungsanspr\u00fcche.<\/p><p>Sie haben uns gegen\u00fcber (nach Artikel 21 Abs.2 DSGVO) ein Recht auf Daten\u00fcbertragbarkeit<\/p><p>Wenn die Verarbeitung der Sie betreffenden personenbezogenen Daten auf Ihrer Einwilligung beruht, haben Sie das Recht, die Einwilligung jederzeit zu widerrufen. Die Rechtm\u00e4\u00dfigkeit der aufgrund der Einwilligung bis zum Widerruf erfolgten Verarbeitung wird hierdurch nicht ber\u00fchrt.<\/p><p>Wenn Sie der Meinung sind, dass die Verarbeitung Ihrer Daten gegen die Datenschutzgrundverordnung verst\u00f6\u00dft oder dass Ihre Datenschutzrechte in sonstiger Weise von uns verletzt werden, steht Ihnen ein Beschwerderecht bei einer Aufsichtsbeh\u00f6rde, insbesondere in dem Mitgliedsstaat Ihres Aufenthaltsorts zu (Art.77 Abs.1 DSGVO).<\/p><p><strong>Vorbehalt von \u00c4nderungen<\/strong><\/p><p>Wir behalten uns vor, in Zukunft \u00c4nderungen an dieser Datenschutzerkl\u00e4rung vorzunehmen, um diese an sich ver\u00e4ndernde rechtliche Anforderungen und der Weiterentwicklung im Bereich der elektronischen Datenverarbeitung anzupassen.<\/p>\t\t\t\t\t\t\t\t<\/div>\n\t\t\t\t<\/div>\n\t\t\t\t\t<\/div>\n\t\t<\/div>\n\t\t\t\t<div class=\"elementor-column elementor-col-50 elementor-top-column elementor-element elementor-element-9d408c6\" data-id=\"9d408c6\" data-element_type=\"column\" data-e-type=\"column\">\n\t\t\t<div class=\"elementor-widget-wrap\">\n\t\t\t\t\t\t\t<\/div>\n\t\t<\/div>\n\t\t\t\t\t<\/div>\n\t\t<\/section>\n\t\t\t\t<\/div>\n\t\t","protected":false},"excerpt":{"rendered":"<p>Datenschutzerkl\u00e4rung Stand M\u00e4rz 2022 Einleitung Uns ist der Schutz Ihrer Daten sehr wichtig. Wir achten deshalb streng auf die Einhaltung der geltenden datenschutzrechtlichen Vorschriften, nach Europ\u00e4ischer Datenschutz Grundverordnung (DSGVO) und Bundesdatenschutzgesetz (BDSG neu). Name und Anschrift des Verantwortlichen im Sinne Art.4 DSGVO Taxi Company Dietmar Spitz Birkenstrasse 18 83707 Bad Wiessee Inhaber: Dietmar Spitz Tel. [&hellip;]<\/p>\n","protected":false},"author":2,"featured_media":0,"parent":0,"menu_order":0,"comment_status":"closed","ping_status":"closed","template":"elementor_header_footer","meta":{"footnotes":""},"class_list":["post-27","page","type-page","status-publish","hentry"],"_links":{"self":[{"href":"https:\/\/www.taxi-company.net\/index.php\/wp-json\/wp\/v2\/pages\/27","targetHints":{"allow":["GET"]}}],"collection":[{"href":"https:\/\/www.taxi-company.net\/index.php\/wp-json\/wp\/v2\/pages"}],"about":[{"href":"https:\/\/www.taxi-company.net\/index.php\/wp-json\/wp\/v2\/types\/page"}],"author":[{"embeddable":true,"href":"https:\/\/www.taxi-company.net\/index.php\/wp-json\/wp\/v2\/users\/2"}],"replies":[{"embeddable":true,"href":"https:\/\/www.taxi-company.net\/index.php\/wp-json\/wp\/v2\/comments?post=27"}],"version-history":[{"count":5,"href":"https:\/\/www.taxi-company.net\/index.php\/wp-json\/wp\/v2\/pages\/27\/revisions"}],"predecessor-version":[{"id":250,"href":"https:\/\/www.taxi-company.net\/index.php\/wp-json\/wp\/v2\/pages\/27\/revisions\/250"}],"wp:attachment":[{"href":"https:\/\/www.taxi-company.net\/index.php\/wp-json\/wp\/v2\/media?parent=27"}],"curies":[{"name":"wp","href":"https:\/\/api.w.org\/{rel}","templated":true}]}}